uppose -2*s = -5*i + 1722, -2*i + 6*s = 3*s - 702. What are the prime factors of i?
2, 3, 19
Suppose -h - o + 2590 = -14232, -3*h + o = -50450. List the prime factors of h.
2, 3, 2803
Let h = -916 + 917. What are the prime factors of (h*((2 - 0) + 2190))/2?
2, 137
Let f = 20775 + 5146. List the prime factors of f.
7, 23
What are the prime factors of (992/124 + 23216/3)*(-3)/(-2)?
2, 5, 7, 83
Let z(t) = -t**2 - 5*t + 26. Let r be z(-8). Suppose 3*o - 3*f + 149 = 4*o, 308 = r*o + f. What are the prime factors of o?
5, 31
Let s be (-4992)/(-20) + 4/10. Let g = s + -133. Let c = g + -45. What are the prime factors of c?
2, 3
Let x(u) = -16*u + 4. Let c be x(18). What are the prime factors of c/(-3) + 11/33?
5, 19
Suppose -32 - 147 = -31*o + 38. Let m(u) = -5*u**2 + 10*u - 7. Let d(v) = 4*v**2 - 9*v + 6. Let j(t) = -6*d(t) - 5*m(t). List the prime factors of j(o).
2, 19
Let v = -4753 - -18608. What are the prime factors of v?
5, 17, 163
Let j be (-23)/(-5)*-2*-170. Suppose -5*t + 457 - j = -3*b, b = -t + 377. List the prime factors of b.
2, 11, 17
Let o be 16/6*(-3)/(-2). Suppose g + o = 0, -5*p = -2*g - 15 + 7. Let v = 27 + p. List the prime factors of v.
3
Let x = 329 - 529. Let m = 13 - x. List the prime factors of m.
3, 71
Let t(n) = -21*n - 17. Let z(y) = 11*y + 8. Let b(q) = -2*t(q) - 5*z(q). Let r be b(-6). Suppose r = 5*i - 143. List the prime factors of i.
43
Let k = -4 - -6. Suppose -4*i = k*i - 12. Suppose 207 = 3*z - o, -i*z - 4*o = -7*o - 138. What are the prime factors of z?
3, 23
Suppose -90 = -10*r + 15*r. What are the prime factors of 243/r*-42*(-2)/(-3)?
2, 3, 7
Suppose 5*b + 105 = d, 3*d + d = -2*b + 530. Suppose 5*u = 2010 - d. Suppose -3*k - 5*t + u = 0, 2*t = 4*k - t - 511. What are the prime factors of k?
127
Suppose 11*q - 33961 = 2240. What are the prime factors of q?
3, 1097
Let w(a) = -a**2 - 4*a + 19. Let r be w(-6). Suppose -640 - 648 = -r*g. What are the prime factors of g?
2, 23
Suppose -5*x + 9*t + 309 = 5*t, -2*t = -8. Let r = x - 47. Suppose -12*y + r*y = 570. List the prime factors of y.
5, 19
Let s = -795 + 383. Let f = 1073 + s. List the prime factors of f.
661
Let t(m) = -87*m + 50. Let d(g) = -84*g + 48. Let o(i) = 7*d(i) - 6*t(i). What are the prime factors of o(-15)?
2, 3, 19
Let b(r) = 3*r**2 - 10*r - 16. Let l be b(-15). Suppose 0 = -2*y + y + 2*a + 206, -4*y + 5*a = -l. List the prime factors of y.
2, 7
Let h be (-4)/(-18) + -2 + 3381/(-27). Let i = h - -67. Let z = i - -125. List the prime factors of z.
5, 13
Let y be 16/(-72) + (-58)/(-18). Suppose -12 = -4*w, f - y + 1 = -w. Let q(z) = 16*z**2 - 3*z - 3. What are the prime factors of q(f)?
2
Let q = 2408 - 1120. Suppose 2*c + 5*l - q = 0, 9*c - 5*l + 3190 = 14*c. List the prime factors of c.
2, 317
Suppose m = 7*j - 4*j + 272, 2*m - 5*j - 539 = 0. Let b = 533 - m. Suppose -v + b = 3*v. List the prime factors of v.
3, 23
Let d = 13362 - 4705. What are the prime factors of d?
11, 787
Let c(g) = -g**2 + 223*g - 741. List the prime factors of c(90).
3, 19, 197
Suppose 3*b = -3*x, 5*b + 6 = -2*x + 18. Let w be x + (1 - 5) + 2. What are the prime factors of w*(4 + -3)*-25?
2, 3, 5
Let f(k) be the second derivative of -k**3/2 + 20*k**2 - 4*k. Let p be f(9). Let h(z) = -z**3 + 14*z**2 - 14*z + 30. List the prime factors of h(p).
17
Let t = 8056 - 4207. What are the prime factors of t?
3, 1283
Let y = 13 - 260. Suppose 0 = -3*j + 2*j - 128. Let x = j - y. List the prime factors of x.
7, 17
List the prime factors of (492/60)/((-7 - -15)/5480).
41, 137
Let s(j) = -2*j**2 - 21*j + 14. Let l be 1*2*(-4)/16*22. Let h be s(l). Suppose 0 = h*f - 6*u + 2*u - 646, -4*f - 3*u = -828. List the prime factors of f.
2, 3, 5, 7
Let o = 10706 - 10411. List the prime factors of o.
5, 59
Suppose -n - 10*f + 15*f = -10382, -2*f = n - 10396. What are the prime factors of n?
2, 3, 433
Suppose -9370 - 134090 + 28104 = -12*o. What are the prime factors of o?
9613
Let c(f) = 648*f**2 + 4*f - 6. Let g be (8 + -11)*2/(-6). What are the prime factors of c(g)?
2, 17, 19
Suppose 0 = -5*p - 3*r + 24539, -16 + 2 = 2*r. What are the prime factors of p?
2, 307
Suppose 61*x = 927036 + 3655650. List the prime factors of x.
2, 3, 19, 659
Let j(t) = 345*t**2 + 34*t - 100. What are the prime factors of j(3)?
13, 239
Let q(m) = 84*m - 3. Let g(j) = -910 - j + 910. Let r(s) = 2*g(s) + q(s). What are the prime factors of r(1)?
79
Let h(w) be the first derivative of w**4/4 - 2*w**3 + 17*w**2/2 - 13*w + 49. List the prime factors of h(6).
89
Let q(c) = -6582*c + 837. List the prime factors of q(-2).
3, 13, 359
Let z(g) = -20*g**2 - 13*g - 42. Let q be z(-6). Let k = 968 + q. List the prime factors of k.
2, 71
Let g(u) = -u**3 - 3*u**2 - 2*u - 4. Let b be g(-3). Suppose 15 - 283 = 2*k + 3*o, 5*o = -b*k - 272. Let p = -67 - k. List the prime factors of p.
2
Suppose 0 = -5*t - w + 53645 + 4871, -5*t = -4*w - 58536. List the prime factors of t.
2, 7, 11, 19
Let c(h) be the first derivative of -h**4/4 + 17*h**3/3 - 4*h**2 + 19*h - 130. List the prime factors of c(8).
3, 59
Suppose 7264 = 11*c + 1566. Suppose -514*r + c*r - 3340 = 0. List the prime factors of r.
5, 167
Let a = -48 - -89. Suppose a*x = 39*x + 212. Suppose -5*l - 4 = 2*c - x, -51 = -c - l. What are the prime factors of c?
3, 17
Let t = 155 - 139. Suppose -t*c - 309 = -17*c. List the prime factors of c.
3, 103
Let f(b) = 183*b + 66. Let g be f(3). Let k = g + -262. What are the prime factors of k?
353
Let n be (3 + -2161)*(-1 + 0). Suppose -13*j + n = -351. List the prime factors of j.
193
Let m = 15266 - 7652. What are the prime factors of m?
2, 3, 47
Let y be (((-1280)/(-12))/(-4))/((-2)/801). What are the prime factors of ((-66)/55)/((-9)/y)?
2, 89
Suppose 0 = -0*j - j + 7. Suppose 59 = -j*i + 1018. Suppose -4*m + i + 123 = 0. What are the prime factors of m?
5, 13
Let k(p) = 20*p + 26. Suppose u + 3*u - 40 = 0. List the prime factors of k(u).
2, 113
Suppose 5*y - 3*w = w - 71, 0 = 3*y - 4*w + 41. List the prime factors of (370/y)/((-2)/(1*24)).
2, 37
Let d(y) = 5*y + 3 + 7*y - 6 - 1. Suppose -9*m + 24 = -m. What are the prime factors of d(m)?
2
Suppose -2*b - 1 - 4 = -h, h - 2 = b. Let o be (99 - 3) + (h - -1). Suppose 0 = 5*q - 3*n - 219, o = q + q - 4*n. List the prime factors of q.
2, 3, 7
Suppose 147208 = 13*u - 119445 - 27186. What are the prime factors of u?
7, 3229
Suppose -251*n + 1982404 = -1237424. What are the prime factors of n?
2, 3, 1069
Suppose -4 = 2*h - 14. Let c(n) = 4*n**2 - 11*n + 4. List the prime factors of c(h).
7
Let l = -593 + 579. What are the prime factors of (-21)/l*(-16720)/(-15)?
2, 11, 19
Suppose 3765 = 2*p - 5309. Suppose -9*k + 12223 = p. List the prime factors of k.
2, 7, 61
Suppose -2108 = -4*d + 4*t, -4*t + 2*t = 5*d - 2635. Let g = d - 222. What are the prime factors of g?
5, 61
Suppose -4*b = m + 8, -33 = -5*m + 3*b + 42. Suppose -m = -3*q - 6. Suppose -q*h - 250 = -3*t + 75, -4*t - 4*h + 400 = 0. What are the prime factors of t?
3, 5, 7
Let f(r) = -r**3 - 8*r**2 + 9*r. Let s be f(-9). Suppose 3*j = 4*n + 917, -j - n = -s*n - 315. List the prime factors of j.
311
Let i(r) = 14 + 0*r - 1 - 4*r + 5*r. Let y be i(-9). Suppose y*f - 4*x - 32 = 0, 3*f + 3*x - 14 = 34. List the prime factors of f.
2, 3
Let t(a) be the third derivative of 3*a**6/40 - a**5/20 + 5*a**4/24 - 11*a**3/3 - 232*a**2. What are the prime factors of t(5)?
3, 13
Let u = -29 + 31. Let o be 5/u + (-9)/(-6). Suppose -a - o = -0*a, 2*a + 281 = 3*s. List the prime factors of s.
7, 13
Suppose 8748 = v - 4*m, -4*v + 20*m - 17*m + 35044 = 0. List the prime factors of v.
2, 7, 313
Let o(y) = 3*y**2 + 5*y - 16. Let s be o(-6). Let j = s - 34. Suppose -i - 4 = -j. List the prime factors of i.
2, 3
Let p(o) = 61*o + 122. Let w be p(-10). Let k = w - -696. What are the prime factors of k?
2, 13
Let p = -1816 + 4038. Let t = -890 + p. List the prime factors of t.
2, 3, 37
Let s be (-20)/(-110) + 3736/22 - 3. Let v = -137 + s. What are the prime factors of v?
2, 3, 5
Let w = -23 - -25. Suppose 3*c + 12 = -3*k, -w*c - 2*c + 11 = k. List the prime factors of -3*k/(135/470).
2, 47
Let y(l) be the second derivative of -l**3/3 - 3*l**2/2 + 23*l. Let c be y(-3). List the prime factors of c/3 + (1 - -92).
2, 47
Let o = 7 + -4. Suppose -s - 3 = -2*x, -5*x 